+ 0.
10
(-21 - (2 + (1 - (0 - -4)))) + -4
-24
What is 0 + -2 + -6 + -6 + 5 + -2?
-11
What is the value of (123 + -84 - (-1 + -6)) + -14?
32
What is 41 + -60 - (-9 + -5)?
-5
What is the value of 15 + (-1 - 1) + -14 + 13?
12
7 + (-12 - (4 - 7))
-2
(-1 - 8) + (-8 - (-7 + -1))
-9
Calculate -16 + 10 + 5 - (3 + 0).
-4
What is the value of 6 - (-5 + -9 - (-58 - -29))?
-9
Calculate (-4 - -2) + 0 - (-5 - 7).
10
Calculate (-17 - -4) + (-4 + -11 - -44).
16
What is -1 + (156 - 157 - (-11 + 0))?
9
Evaluate 13 + 3 + (-11 + 15 - 15).
5
What is the value of (-8 + 3 - -12) + -5 - 8?
-6
What is -17 + 8 + 1 + -7 + 3?
-12
What is 2 - (16 + -15 - (-5 - 1)) - -8?
3
What is 6 + 0 + (44 - 47) + (-1 - 2)?
0
1 - 3 - -2 - (15 - (21 - 10))
-4
Evaluate -13 - (-37 - (-15 + -3)).
6
What is 0 + 29 + (-16 - 2)?
11
12 + 21 + -48 - -19
4
Calculate (-8 - 3 - -10) + 1.
0
What is the value of -15 - -16 - 0 - 16?
-15
Evaluate 6 - (-6 - ((-1 + -1 - 0) + -4)).
6
-39 + 67 + -25 + (-16 - (0 - -2))
-15
What is the value of 2 + -14 + -3 + (-14 - -8) + 6?
-15
Evaluate 7 + 4 - (-36 - -39).
8
(2 - 4) + (3 - 8) - -6 - -1
0
4 - (9 + (-1 - 4) + -2)
2
(-1 - (-4 + 9)) + (-1 - -3) + 10
6
What is -520 + 507 - (2 - 14)?
-1
Calculate 16 + 1 + (26 + -33 - (2 - 3)).
11
(-9 + 2 - ((-18 - 11) + 28)) + 11
5
What is -9 - (13 - -1) - -3?
-20
Calculate -19 + 31 + -15 + 8.
5
Evaluate -8 - (-12 - (-7 + 2 + -1)).
-2
What is the value of (-32 - -31) + -4 + -2 + (-12 - -8)?
-11
Calculate -9 + 18 - 28 - -3.
-16
What is the value of (-7 - (-56 + 25)) + 0?
24
-8 + 2 + -8 + 0
-14
Calculate (4 - (-15 - (7 - -2))) + -3 + -3.
22
-21 - 5 - (-23 + 13 + 0)
-16
What is -3 + (-5 + 3 + 3 - 8)?
-10
54 + 1 - (-7 - -31)
31
Evaluate -7 + -1 + 10 - (-3 - (-4 - 2)).
-1
-8 + 22 + 2 + -17
-1
Evaluate 25 + (18 - 42) - -5.
6
What is the value of -367 + 379 + (-2 - 3)?
7
What is 4 - (-8 - ((6 - -1) + 0 + -10))?
9
What is -9 + -1 + 6 + -30 + 7?
-27
8 + -11 + (-10 + 10 - -8)
5
What is the value of 32 + (-25 - -6) + -1?
12
What is 6 + (2 + -9 - -6)?
5
What is the value of (4 + -2 + 5 - (12 - -2)) + -8?
-15
Calculate 3 - (4 + 5) - (0 + 6).
-12
What is the value of 11 - (4 + -7 + -7 + 40)?
-19
What is the value of 5 + 1 + -6 + -10 - 2?
-12
Calculate (-7 - -8) + -11 + (2 - 3 - 1).
-12
1 - (-2 + 1) - -1 - 1
2
What is -3 + (8 - (14 - 20)) - -6?
17
What is -10 - ((-2 - 26) + (-112 - -127))?
3
3 + 13 + -4 + -6
6
What is 1 + 13 - (9 - (4 - -7))?
16
Calculate (43 - 47) + -34 + 39.
1
Evaluate (1 + 38 - (-29 + 43)) + -13.
12
Evaluate -19 + 21 + 8 + 6.
16
(13 - (-6 - -8)) + 50 + -42
19
Calculate 15 + -18 - (3 - (-6 - (-10 - 1))).
-1
Evaluate (29 - 34) + -5 + 16.
6
26 + (-1 - (5 + 13))
7
Calculate 3 + 0 + 2 + 3 + 22.
30
5 + -43 - (9 + -38)
-9
What is (-9501 - -9487) + 8 + (-1 - -1)?
-6
What is -2 - (3 + -6) - (6 + -1 - 15)?
11
Evaluate (106 - 127) + (1 - -9).
-11
(9 - 3 - 3) + 1 + (5 - 2)
7
What is the value of -12 - (-3 - 0) - ((14 - 2) + -1)?
-20
What is the value of (31 - (20 + -1)) + (1 - -2)?
15
-16 - -10 - (-1 - (-15 + -2 - -6))
-16
Calculate -30 - (-9 - (14 - 15)).
-22
What is the value of 1 + 1 + 7 + (-19 - -3) + 32?
25
What is -7 - 2 - (-51 + 32)?
10
(-6 - (-18 - -9 - -2)) + 0 + -7
-6
Calculate -2 + (-4 - 7 - -6 - -8).
1
-10 + (21 + (4 - 23) - (-1 - 0))
-7
What is (-1 - -2 - (4 - 1)) + 3 + -10?
-9
What is the value of (0 - (8 + 1)) + 12 + 3?
6
What is the value of -6 + (-2 - 0) + (17 + -6 - 5)?
-2
What is the value of -62 + 50 + -11 + -9?
-32
What is the value of (18 - 10) + -24 - (5 - (3 + -1))?
-19
Evaluate 15 - (-7 + 13) - (-2 + -5 - -13).
3
-5 - ((27 - 10 - 14) + (-18 - 1))
11
What is the value of 0 + 5 - (78 - 105) - 13?
19
What is the value of -17 + (-2 - -7) - -20?
8
Evaluate 8 + (-2 + 7 - (-28 + 34)).
7
What is the value of 2 - -2 - (-3 + -13 + 10 + 19)?
-9
Calculate 1 + (4 - 1 - -1) + -8.
-3
Calculate (0 + -11 - -11) + -3 - -7.
4
Calculate -8 + 3 + -19 - (34 + -24 + -1).
-33
What is 7 + (-1 + 3 + -7 - -11)?
13
Evaluate (1 - 2) + -4 - (48 - -26 - 95).
16
Evaluate 0 - -2 - -6 - (-5 - (-4 + 11)).
20
Evaluate (42 - 40) + (-4 - 3).
-5
Evaluate 2 + (-1 - -2) - (-89 + 95).
-3
(-12 - (-26 + -2)) + -6
10
Evaluate -55 + 53 - (-9 + -1).
8
What is (89 - 81 - (6 - -1)) + 6?
7
What is the value of (17 + -13 - 35) + 45?
14
Evaluate -7 - -1 - (13 - (5 + 22)) - 26.
-18
What is -4 - (-5 - 7 - -11 - -4)?
-7
Calculate -10 + 18 - (2 + -8).
14
What is the value of -43 + 20 + -1 + 5 + 0?
-19
4 + -16 + (-9 - -12)
-9
What is -11 + 2 + -2 + 1 - (8161 + -8152)?
-19
Calculate -7 - -1 - (-15 - 3).
12
What is the value of 5 - (-13 - (15 - 39))?
-6
-42 - -42 - (-2 - -2 - (0 - -5))
5
What is the value of 7 + 2 - (-27 - -34 - -14)?
-12
What is 27 - (-22 - (-16 + -15))?
18
Evaluate -45 + (2 - -34) + (2 - (0 + 3)).
-10
What is 24 + 0 + -6 + -8?
10
Evaluate -7 + (19 - (7 - -7)).
-2
-1 + 3 + -57 + 51 - (-1 + -6)
3
What is the value of (-1 - 7 - -35) + -9 + -8 - 6?
4
What is the value of 23 + -42 + (9 - 11)?
-21
What is the value of 427 + -435 - (-7 - -2)?
-3
What is the value of (-6 - 3) + 29 + 2 - -3?
25
Calculate -2 + 5 + -2 + (1 + 0 - 2).
0
What is (12 - (9 - 6)) + -44 - -13?
-22
Calculate 8 - (58 - 32) - -18.
0
Calculate -47 - -23 - (-57 - -11).
22
What is 5 + (-5 + -5 - -2)?
-3
Evaluate 23 - (-12 - (-46 - -18)).
7
What is 23 + (-4 - (14 + -4))?
9
25 + -12 - (5 - -5) - -21
24
What is 6 + 13 + -11 - -20?
28
Evaluate 2 + (10 - 10) + -2 + -19.
-19
Evaluate -3 + 44 + -55 + 6 + (-1 - 0).
-9
Evaluate (-1 - 0) + (45 + -10 - 24).
10
What is the value of 4 + -5 + 2 + (4 - 10) + 6?
1
Calculate 2 + 4 + -9 - (0 + -1 + -1).
-1
Calculate 4 + (16 - (-10 - -24)).
6
Evaluate 2 - (-2 - -10) - -7 - -5 - -5.
11
What is the value of (-37 - -18) + 25 - (18 + (-1 - 0))?
-11
Evaluate 1 + 14 - (37 + -16 + -27) - 1.
20
What is the value of -784 + 745 - (1 + -25)?
-15
Evaluate 4 + -1 + -1 + (34 - 20) + 4.
20
What is the value of -1 + -2 - (7 + -4 + -8 + 4)?
-2
What is the value of 13 - (6 + 20) - -18?
5
What is the value of -21 - ((6 + 1 - 21) + 12)?
-19
Evaluate -2 - 0 - (29 - (-18 + 67)).
18
What is the value of 3 - 14 - (-11 + -8)?
8
Evaluate 10 + -7 + (1 - 0 - -1).
5
162 + -180 + (-4 - -18)
-4
What is 32 - (-11 + 28 + 17)?
-2
Evaluate -30 - -40 - (-10 + 4 + 48).
-32
-4 + (-2 - -8) + (-36 - -27) + 9
2
What is the value of -14 + 2 + (-13 - -15)?
-10
Calculate (1 - -7) + 10 + -21 + 7.
4
What is the value of -7 - ((-13 - -5 - -6) + 10)?
-15
Calculate 12 + -17 + (-15 - -5) + 26.
11
Evaluate 30 + (8 - (72 + -29)).
-5
Calculate -3 + -3 - ((-12 - -18) + -9).
-3
Evaluate -7 + 22 + (-3 - (-8 - 1)).
21
What is 2 - (-11 + 18 - 11 - -3)?
3
Calculate 6 + -30 + 29 + -28.
-23
What is -28 - -1 - (25 + 10 - 48)?
-14
Calculate -3 - -7 - (-1 + -6 - (-35 + 39)).
15
What is 17 - 1 - (16 + -12 - 4)?
16
Evaluate -5 + -26 + 12 - (-9 + 0).
-10
What is the value of (21 - 5) + -8 + (1 - (1 + 1))?
7
-3 - (-7 + 12 + -9 - -3)
-2
What is the value of -45 + 37 - (-9 + -1)?
2
Evaluate -8 - ((-13 - -13) + -8).
0
Calculate -11 + -3 + (-6 - (-28 - -8)).
0
What is 362 + -359 - (-3 + -1)?
7
Calculate 22 + -3 + -28 + -3.
-12
Calculate -14 + 54 + (9 - 6 - 12 - -3).
34
8 + (-2 - -11 - 10 - 8)
-1
Evaluate -29 + -18 + 26 + 11.
-10
Calculate 44 + -50 - (-2 + -12).
8
What is the value of 2 + (3 + -5 - -3) - (-7 - -1)?
9
4 + 2 + (-18 - (-9 - -6) - -5)
-4
What is -3 + 2 - (5 + -13 + -6)?
13
Evaluate 29 + -26 + (-3 - 26).
-26
(2 - 5) + (0 - 0 - (21 + -22))
-2
What is the value of 1 + 0 + -7 + 14 - (-70 - -81)?
-3
What is -4 + (5 + 8 - -13)?
22
What is 44 + (-87 - (12 + -47))?
-8
3 + 4 + (-1 - 3) - 6
-3
What is the value of 1 + 1 + (3 - -5)?
10
What is -78 - -82 - (6 + (-3 - 1))?
2
Calculate 3 - (-17 + 5) - 9.
6
Calculate (229 - 219) + (6 - 2).
14
Evaluate (8 - (4 - 0)) + 6.
10
What is 12 - (7 - 4) - (7 + 6 + -8)?
4
What is (5 - 5) + (-7 - -1) + -1?
-7
What is the value of -5 + (8 + -3 - 11 - -6) - 9?
-14
Evaluate 8 + -6 + 5 + 3 + -6.
4
What is the value of 2 - ((4 - 6) + 2 - 3)?
5
4 - (2 - 6 - -8)
0
What is 19 + (-54 - -4) + 17?
-14
-2 - 19 - ((-1 - 48) + 45)
-17
(-15 - 1) + (12 - 40 - -32)
-12
Evaluate 50 + (-72 - -12) + 0 + 37.
27
What is the value of 1533 + -1505 + 0 + 6?
34
What is (-7 - (-26 + 0)) + -121 + 108?
6
What is the value of -3 + -6 + -2 + 8 + 5?
2
Calculate (73 - 36) + -5 + -42.
-10
0 + 2 + (-25 - -32) + -25 + -6
-22